he prime factors of 2494596946?
2, 643, 823, 2357
What are the prime factors of 283617225?
3, 5, 83, 15187
What are the prime factors of 45466136?
2, 43, 132169
What are the prime factors of 1885485807?
3, 209498423
What are the prime factors of 1672389912?
2, 3, 69682913
List the prime factors of 170771329.
4019, 42491
List the prime factors of 1996312897.
1996312897
List the prime factors of 26631933.
3, 73, 121607
List the prime factors of 567339724.
2, 7, 20262133
What are the prime factors of 265313717?
23, 31, 37, 89, 113
What are the prime factors of 177231340?
2, 5, 11, 13, 31, 1999
List the prime factors of 2194827356.
2, 839, 654001
List the prime factors of 42864269.
7, 89, 9829
List the prime factors of 2697819731.
71, 37997461
List the prime factors of 10316718.
2, 3, 127, 4513
List the prime factors of 35379617.
7, 13, 55541
What are the prime factors of 52087295?
5, 13, 23, 34841
List the prime factors of 1348420613.
1348420613
List the prime factors of 1918888811.
7, 11393, 24061
What are the prime factors of 790706265?
3, 5, 3797, 13883
List the prime factors of 12672091.
919, 13789
List the prime factors of 337153968.
2, 3, 83, 9403
List the prime factors of 74420309.
74420309
What are the prime factors of 130071263?
7, 18581609
What are the prime factors of 30416421?
3, 7, 1448401
List the prime factors of 98908577.
3167, 31231
List the prime factors of 232330108.
2, 41, 191, 7417
List the prime factors of 39675507.
3, 37, 357437
What are the prime factors of 138330190?
2, 5, 17, 813707
What are the prime factors of 321883109?
163, 1974743
List the prime factors of 717946481.
7, 101, 145069
What are the prime factors of 56456711?
17, 367, 9049
What are the prime factors of 110683250?
2, 5, 442733
What are the prime factors of 1092860866?
2, 546430433
What are the prime factors of 291687992?
2, 107, 340757
What are the prime factors of 199879074?
2, 3, 11104393
What are the prime factors of 915579523?
17, 59, 661, 1381
What are the prime factors of 148435022?
2, 157, 463, 1021
What are the prime factors of 143322764?
2, 13, 2756207
List the prime factors of 970634776.
2, 23, 139, 37951
List the prime factors of 587932747.
29, 20273543
What are the prime factors of 1861555723?
19, 97976617
List the prime factors of 129417228.
2, 3, 23, 149, 1049
List the prime factors of 2950695335.
5, 7, 29, 2907089
List the prime factors of 317572764.
2, 3, 19, 67, 20789
What are the prime factors of 1684166561?
7, 11, 29, 754217
List the prime factors of 751065192.
2, 3, 10431461
List the prime factors of 1850254379.
61, 67, 107, 4231
What are the prime factors of 3658476951?
3, 53, 487, 15749
What are the prime factors of 505335776?
2, 11, 1435613
List the prime factors of 398429622.
2, 3, 47, 470957
List the prime factors of 211420687.
17, 151, 82361
List the prime factors of 250640240.
2, 5, 97, 32299
List the prime factors of 847921978.
2, 2003, 211663
List the prime factors of 30096615.
3, 5, 2006441
List the prime factors of 5793973757.
11, 13, 40517299
List the prime factors of 163152612.
2, 3, 7, 41, 15791
What are the prime factors of 1270154072?
2, 11, 31, 467, 997
What are the prime factors of 1346704838?
2, 19, 35439601
List the prime factors of 213013323.
3, 29, 191, 4273
List the prime factors of 206843866.
2, 103421933
List the prime factors of 245613711.
3, 7, 23, 508517
List the prime factors of 50780495.
5, 1459, 6961
List the prime factors of 41099069.
11, 3736279
What are the prime factors of 860744402?
2, 7, 2309, 26627
List the prime factors of 65701076.
2, 7, 43, 197, 277
What are the prime factors of 70317287?
17, 4136311
What are the prime factors of 4200101946?
2, 3, 557, 418921
What are the prime factors of 1046599823?
331, 569, 5557
What are the prime factors of 4494264131?
7, 642037733
What are the prime factors of 4191204097?
4191204097
List the prime factors of 51168624.
2, 3, 13, 43, 1907
List the prime factors of 2144817735.
3, 5, 23, 67, 92789
What are the prime factors of 379835290?
2, 5, 37983529
List the prime factors of 123935715.
3, 5, 2754127
What are the prime factors of 182609001?
3, 20289889
List the prime factors of 49180948.
2, 67, 183511
What are the prime factors of 1564051175?
5, 23, 2720089
List the prime factors of 51740670.
2, 3, 5, 1724689
What are the prime factors of 39122779?
39122779
What are the prime factors of 1034172222?
2, 3, 172362037
List the prime factors of 204885634.
2, 31, 3304607
List the prime factors of 410625272.
2, 269, 190811
What are the prime factors of 409137324?
2, 3, 313, 108929
What are the prime factors of 698198707?
503, 1388069
What are the prime factors of 7830260?
2, 5, 107, 3659
What are the prime factors of 23318502?
2, 3, 3886417
List the prime factors of 31882971.
3, 857, 12401
List the prime factors of 33538791.
3, 11, 13, 78179
List the prime factors of 272676535.
5, 73, 103, 7253
List the prime factors of 5525284025.
5, 41, 5390521
What are the prime factors of 99763321?
7, 397, 35899
What are the prime factors of 2631537773?
173, 211, 72091
What are the prime factors of 11302015?
5, 2260403
What are the prime factors of 149401049?
7, 17, 43, 97
List the prime factors of 126041980.
2, 5, 37, 170327
What are the prime factors of 312691779?
3, 11581177
List the prime factors of 827725087.
7, 17, 6955673
List the prime factors of 748946572.
2, 11, 269, 63277
List the prime factors of 81257578.
2, 809, 50221
List the prime factors of 318532251.
3, 106177417
What are the prime factors of 320194638?
2, 3, 23, 773417
List the prime factors of 489455187.
3, 13, 31, 404843
What are the prime factors of 62156193?
3, 11, 29, 107, 607
What are the prime factors of 28935478?
2, 11, 13, 101173
List the prime factors of 549099862.
2, 29, 131, 72269
List the prime factors of 41286596.
2, 13, 163, 4871
What are the prime factors of 997076943?
3, 110786327
What are the prime factors of 139236?
2, 3, 41, 283
What are the prime factors of 60707155?
5, 79, 153689
List the prime factors of 6599071307.
29, 4799, 47417
List the prime factors of 47182815.
3, 5, 1048507
What are the prime factors of 519788794?
2, 7, 211, 175961
What are the prime factors of 466815955?
5, 41, 43, 52957
List the prime factors of 17981945.
5, 3596389
What are the prime factors of 48183730?
2, 5, 7, 688339
What are the prime factors of 686873136?
2, 3, 241, 59377
List the prime factors of 420483.
3, 7, 20023
List the prime factors of 1802610554.
2, 499, 1806223
What are the prime factors of 1792963933?
823, 2178571
What are the prime factors of 1853555861?
197, 9408913
What are the prime factors of 215897866?
2, 29, 383, 9719
List the prime factors of 663429849.
3, 479, 461677
What are the prime factors of 244353300?
2, 3, 5, 19, 163, 263
List the prime factors of 17122750.
2, 5, 68491
List the prime factors of 378108496.
2, 29, 814889
List the prime factors of 1336492005.
3, 5, 61, 149, 9803
What are the prime factors of 25310006?
2, 12655003
What are the prime factors of 221056483?
73, 3028171
What are the prime factors of 325083108?
2, 3, 7, 3870037
What are the prime factors of 28264725?
3, 5, 125621
What are the prime factors of 686762261?
47, 67, 467
What are the prime factors of 1765479233?
7, 31, 257, 31657
List the prime factors of 92482266.
2, 3, 101, 1511
List the prime factors of 201838900.
2, 5, 19, 41, 2591
List the prime factors of 1371372013.
11, 67, 169159
List the prime factors of 268576304.
2, 233, 72043
What are the prime factors of 319724533?
19, 229, 73483
List the prime factors of 123773962.
2, 13, 107, 44491
What are the prime factors of 183077781?
3, 4337, 14071
List the prime factors of 256306973.
13, 359, 54919
What are the prime factors of 1625412099?
3, 541804033
What are the prime factors of 16220108?
2, 17, 238531
What are the prime factors of 1286522924?
2, 321630731
List the prime factors of 51855477.
3, 73, 236783
What are the prime factors of 253176107?
41, 6175027
What are the prime factors of 1479376539?
3, 857, 191803
List the prime factors of 771096167.
29, 43, 618361
List the prime factors of 95741371.
11, 791251
What are the prime factors of 28667225?
5, 29, 39541
List the prime factors of 427098718.
2, 17, 29, 31, 89, 157
What are the prime factors of